{"id":1838,"date":"2024-05-15T17:03:20","date_gmt":"2024-05-15T15:03:20","guid":{"rendered":"https:\/\/www.wms-oil.com\/\/?page_id=1838"},"modified":"2024-07-11T18:42:52","modified_gmt":"2024-07-11T16:42:52","slug":"carburants","status":"publish","type":"page","link":"https:\/\/www.wms-oil.com\/?page_id=1838","title":{"rendered":"Carburants"},"content":{"rendered":"<div class=\"wpb-content-wrapper\"><p>[vc_row][vc_column width=\u00a0\u00bb1\/2&Prime;]\r\n\r\n<div class=\"\" >\r\n  <div class=\"large-12 columns  wd-title-section_c\" >\r\n      <h2>Carburants<\/h2>\r\n      \r\n  <\/div>\r\n<\/div>\r\n\r\n  \r\n[vc_row_inner][vc_column_inner][vc_column_text]<\/p>\n<p style=\"text-align: center;\">Nos carburants (Gasoil, Essence, Super, Fuel, Diesel) proviennent<br \/>\nexclusivement de la SAR (Soci\u00e9t\u00e9 Africaine de Raffinage) et r\u00e9pondent<br \/>\naux normes et aux sp\u00e9cifications en vigueur au S\u00e9n\u00e9gal.<\/p>\n<p style=\"text-align: center;\">Nos produits sont distribu\u00e9s \u00e0 travers tout le pays pour alimenter<br \/>\nnos stations-services, les industries, les chantiers ou encore<br \/>\nles domaines agricoles.<\/p>\n<p style=\"text-align: center;\">L\u2019acheminement se fait en toute s\u00e9curit\u00e9 par notre<br \/>\npartenaire DHF (Daniel HADDAD et fils),<br \/>\nr\u00e9f\u00e9rence dans le transport des hydrocarbures.<\/p>\n<p>[\/vc_column_text][\/vc_column_inner][\/vc_row_inner][\/vc_column][vc_column width=\u00a0\u00bb1\/2&Prime;][vc_single_image image=\u00a0\u00bb1886&Prime; img_size=\u00a0\u00bbfull\u00a0\u00bb][\/vc_column][\/vc_row][vc_row css=\u00a0\u00bb.vc_custom_1718283119667{margin-top: 40px !important;margin-bottom: 40px !important;}\u00a0\u00bb][vc_column][vc_images_carousel images=\u00a0\u00bb1888,1884,1865,1886&Prime; img_size=\u00a0\u00bbfull\u00a0\u00bb slides_per_view=\u00a0\u00bb4&Prime; css=\u00a0\u00bb.vc_custom_1720578350961{margin-top: 40px !important;margin-bottom: 40px !important;}\u00a0\u00bb][\/vc_column][\/vc_row]<\/p>\n<\/div>","protected":false},"excerpt":{"rendered":"<p>[vc_row][vc_column width=\u00a0\u00bb1\/2&Prime;][vc_row_inner][vc_column_inner][vc_column_text] Nos carburants (Gasoil, Essence, Super, Fuel, Diesel) proviennent exclusivement de la SAR (Soci\u00e9t\u00e9 Africaine de Raffinage) et r\u00e9pondent aux normes et aux sp\u00e9cifications en vigueur au S\u00e9n\u00e9gal. Nos produits sont distribu\u00e9s \u00e0 travers tout le pays pour alimenter nos stations-services, les industries, les chantiers ou encore les domaines agricoles. L\u2019acheminement se fait en [&hellip;]<\/p>\n","protected":false},"author":1,"featured_media":0,"parent":0,"menu_order":0,"comment_status":"closed","ping_status":"closed","template":"","meta":{"footnotes":""},"_links":{"self":[{"href":"https:\/\/www.wms-oil.com\/index.php?rest_route=\/wp\/v2\/pages\/1838"}],"collection":[{"href":"https:\/\/www.wms-oil.com\/index.php?rest_route=\/wp\/v2\/pages"}],"about":[{"href":"https:\/\/www.wms-oil.com\/index.php?rest_route=\/wp\/v2\/types\/page"}],"author":[{"embeddable":true,"href":"https:\/\/www.wms-oil.com\/index.php?rest_route=\/wp\/v2\/users\/1"}],"replies":[{"embeddable":true,"href":"https:\/\/www.wms-oil.com\/index.php?rest_route=%2Fwp%2Fv2%2Fcomments&post=1838"}],"version-history":[{"count":18,"href":"https:\/\/www.wms-oil.com\/index.php?rest_route=\/wp\/v2\/pages\/1838\/revisions"}],"predecessor-version":[{"id":2169,"href":"https:\/\/www.wms-oil.com\/index.php?rest_route=\/wp\/v2\/pages\/1838\/revisions\/2169"}],"wp:attachment":[{"href":"https:\/\/www.wms-oil.com\/index.php?rest_route=%2Fwp%2Fv2%2Fmedia&parent=1838"}],"curies":[{"name":"wp","href":"https:\/\/api.w.org\/{rel}","templated":true}]}}